{"version":"1.0","provider_name":"Comunicando","provider_url":"https:\/\/comunicando.gal\/gal","author_name":"jbarredo","author_url":"https:\/\/comunicando.gal\/gal\/author\/jbarredo\/","title":"Gran \u00e9xito da gala de entrega de premios da XXV Cata dos Vi\u00f1os de Valdeorras","type":"rich","width":600,"height":338,"html":"<blockquote class=\"wp-embedded-content\" data-secret=\"ZllZJlJOmw\"><a href=\"https:\/\/comunicando.gal\/gal\/premios-da-xxv-cata-dos-vinos-de-valdeorras\/\">Gran \u00e9xito da gala de entrega de premios da XXV Cata dos Vi\u00f1os de Valdeorras<\/a><\/blockquote><iframe sandbox=\"allow-scripts\" security=\"restricted\" src=\"https:\/\/comunicando.gal\/gal\/premios-da-xxv-cata-dos-vinos-de-valdeorras\/embed\/#?secret=ZllZJlJOmw\" width=\"600\" height=\"338\" title=\"\u00abGran \u00e9xito da gala de entrega de premios da XXV Cata dos Vi\u00f1os de Valdeorras\u00bb \u2014 Comunicando\" data-secret=\"ZllZJlJOmw\" frameborder=\"0\" marginwidth=\"0\" marginheight=\"0\" scrolling=\"no\" class=\"wp-embedded-content\"><\/iframe><script type=\"text\/javascript\">\n\/* <![CDATA[ *\/\n\/*! This file is auto-generated *\/\n!function(d,l){\"use strict\";l.querySelector&&d.addEventListener&&\"undefined\"!=typeof URL&&(d.wp=d.wp||{},d.wp.receiveEmbedMessage||(d.wp.receiveEmbedMessage=function(e){var t=e.data;if((t||t.secret||t.message||t.value)&&!\/[^a-zA-Z0-9]\/.test(t.secret)){for(var s,r,n,a=l.querySelectorAll('iframe[data-secret=\"'+t.secret+'\"]'),o=l.querySelectorAll('blockquote[data-secret=\"'+t.secret+'\"]'),c=new RegExp(\"^https?:$\",\"i\"),i=0;i<o.length;i++)o[i].style.display=\"none\";for(i=0;i<a.length;i++)s=a[i],e.source===s.contentWindow&&(s.removeAttribute(\"style\"),\"height\"===t.message?(1e3<(r=parseInt(t.value,10))?r=1e3:~~r<200&&(r=200),s.height=r):\"link\"===t.message&&(r=new URL(s.getAttribute(\"src\")),n=new URL(t.value),c.test(n.protocol))&&n.host===r.host&&l.activeElement===s&&(d.top.location.href=t.value))}},d.addEventListener(\"message\",d.wp.receiveEmbedMessage,!1),l.addEventListener(\"DOMContentLoaded\",function(){for(var e,t,s=l.querySelectorAll(\"iframe.wp-embedded-content\"),r=0;r<s.length;r++)(t=(e=s[r]).getAttribute(\"data-secret\"))||(t=Math.random().toString(36).substring(2,12),e.src+=\"#?secret=\"+t,e.setAttribute(\"data-secret\",t)),e.contentWindow.postMessage({message:\"ready\",secret:t},\"*\")},!1)))}(window,document);\n\/* ]]> *\/\n<\/script>\n","thumbnail_url":"https:\/\/comunicando.gal\/gal\/wp-content\/uploads\/2024\/06\/Cata-de-Vinos-Valdeorras.jpg","thumbnail_width":1200,"thumbnail_height":900,"description":"[vc_row][vc_column][\/vc_column][\/vc_row][vc_row css=\u00bb.vc_custom_1584119875668{margin-top: 80px !important;}\u00bb][vc_column width=\u00bb1\/6&#8243;][\/vc_column][vc_column css_animation=\u00bbfadeInUp\u00bb width=\u00bb2\/3&#8243;][vc_column_text css=\u00bb\u00bb]Onte s\u00e1bado, 29 de xu\u00f1o, Comunicando organizou o acto de entrega de premios da XXV Cata dos Vi\u00f1os de Valdeorras, no Complexo Hostelero Paladium, en Vilamart\u00edn. Coa colaboraci\u00f3n de adegueiros e do persoal do Consello Regulador, podemos dicir que o evento foi un aut\u00e9ntico \u00e9xito, tendo en conta [&hellip;]"}

Gran éxito da gala de entrega de premios da XXV Cata dos Viños de Valdeorras

<blockquote class="wp-embedded-content" data-secret="ZllZJlJOmw"><a href="https://comunicando.gal/gal/premios-da-xxv-cata-dos-vinos-de-valdeorras/">Gran éxito da gala de entrega de premios da XXV Cata dos Viños de Valdeorras</a></blockquote><iframe sandbox="allow-scripts" security="restricted" src="https://comunicando.gal/gal/premios-da-xxv-cata-dos-vinos-de-valdeorras/embed/#?secret=ZllZJlJOmw" width="600" height="338" title="«Gran éxito da gala de entrega de premios da XXV Cata dos Viños de Valdeorras» — Comunicando" data-secret="ZllZJlJOmw" frameborder="0" marginwidth="0" marginheight="0" scrolling="no" class="wp-embedded-content"></iframe><script type="text/javascript">
/* <![CDATA[ */
/*! This file is auto-generated */
!function(d,l){"use strict";l.querySelector&&d.addEventListener&&"undefined"!=typeof URL&&(d.wp=d.wp||{},d.wp.receiveEmbedMessage||(d.wp.receiveEmbedMessage=function(e){var t=e.data;if((t||t.secret||t.message||t.value)&&!/[^a-zA-Z0-9]/.test(t.secret)){for(var s,r,n,a=l.querySelectorAll('iframe[data-secret="'+t.secret+'"]'),o=l.querySelectorAll('blockquote[data-secret="'+t.secret+'"]'),c=new RegExp("^https?:$","i"),i=0;i<o.length;i++)o[i].style.display="none";for(i=0;i<a.length;i++)s=a[i],e.source===s.contentWindow&&(s.removeAttribute("style"),"height"===t.message?(1e3<(r=parseInt(t.value,10))?r=1e3:~~r<200&&(r=200),s.height=r):"link"===t.message&&(r=new URL(s.getAttribute("src")),n=new URL(t.value),c.test(n.protocol))&&n.host===r.host&&l.activeElement===s&&(d.top.location.href=t.value))}},d.addEventListener("message",d.wp.receiveEmbedMessage,!1),l.addEventListener("DOMContentLoaded",function(){for(var e,t,s=l.querySelectorAll("iframe.wp-embedded-content"),r=0;r<s.length;r++)(t=(e=s[r]).getAttribute("data-secret"))||(t=Math.random().toString(36).substring(2,12),e.src+="#?secret="+t,e.setAttribute("data-secret",t)),e.contentWindow.postMessage({message:"ready",secret:t},"*")},!1)))}(window,document);
/* ]]> */
</script>

[vc_row][vc_column][/vc_column][/vc_row][vc_row css=».vc_custom_1584119875668{margin-top: 80px !important;}»][vc_column width=»1/6&#8243;][/vc_column][vc_column css_animation=»fadeInUp» width=»2/3&#8243;][vc_column_text css=»»]Onte sábado, 29 de xuño, Comunicando organizou o acto de entrega de premios da XXV Cata dos Viños de Valdeorras, no Complexo Hostelero Paladium, en Vilamartín. Coa colaboración de adegueiros e do persoal do Consello Regulador, podemos dicir que o evento foi un auténtico éxito, tendo en conta [&hellip;]
