{"version":"1.0","provider_name":"Comunicando","provider_url":"https:\/\/comunicando.gal\/gal","author_name":"Jorge Isla","author_url":"https:\/\/comunicando.gal\/gal\/author\/jorgeisla\/","title":"Comunicando, presente en FITUR 2026","type":"rich","width":600,"height":338,"html":"<blockquote class=\"wp-embedded-content\" data-secret=\"LuDAKq0YMc\"><a href=\"https:\/\/comunicando.gal\/gal\/comunicando-presente-en-fitur-2026\/\">Comunicando, presente en FITUR 2026<\/a><\/blockquote><iframe sandbox=\"allow-scripts\" security=\"restricted\" src=\"https:\/\/comunicando.gal\/gal\/comunicando-presente-en-fitur-2026\/embed\/#?secret=LuDAKq0YMc\" width=\"600\" height=\"338\" title=\"\u00abComunicando, presente en FITUR 2026\u00bb \u2014 Comunicando\" data-secret=\"LuDAKq0YMc\" frameborder=\"0\" marginwidth=\"0\" marginheight=\"0\" scrolling=\"no\" class=\"wp-embedded-content\"><\/iframe><script type=\"text\/javascript\">\n\/* <![CDATA[ *\/\n\/*! This file is auto-generated *\/\n!function(d,l){\"use strict\";l.querySelector&&d.addEventListener&&\"undefined\"!=typeof URL&&(d.wp=d.wp||{},d.wp.receiveEmbedMessage||(d.wp.receiveEmbedMessage=function(e){var t=e.data;if((t||t.secret||t.message||t.value)&&!\/[^a-zA-Z0-9]\/.test(t.secret)){for(var s,r,n,a=l.querySelectorAll('iframe[data-secret=\"'+t.secret+'\"]'),o=l.querySelectorAll('blockquote[data-secret=\"'+t.secret+'\"]'),c=new RegExp(\"^https?:$\",\"i\"),i=0;i<o.length;i++)o[i].style.display=\"none\";for(i=0;i<a.length;i++)s=a[i],e.source===s.contentWindow&&(s.removeAttribute(\"style\"),\"height\"===t.message?(1e3<(r=parseInt(t.value,10))?r=1e3:~~r<200&&(r=200),s.height=r):\"link\"===t.message&&(r=new URL(s.getAttribute(\"src\")),n=new URL(t.value),c.test(n.protocol))&&n.host===r.host&&l.activeElement===s&&(d.top.location.href=t.value))}},d.addEventListener(\"message\",d.wp.receiveEmbedMessage,!1),l.addEventListener(\"DOMContentLoaded\",function(){for(var e,t,s=l.querySelectorAll(\"iframe.wp-embedded-content\"),r=0;r<s.length;r++)(t=(e=s[r]).getAttribute(\"data-secret\"))||(t=Math.random().toString(36).substring(2,12),e.src+=\"#?secret=\"+t,e.setAttribute(\"data-secret\",t)),e.contentWindow.postMessage({message:\"ready\",secret:t},\"*\")},!1)))}(window,document);\n\/* ]]> *\/\n<\/script>\n","thumbnail_url":"https:\/\/comunicando.gal\/gal\/wp-content\/uploads\/2026\/01\/fitur2026comunicandoentroidos.jpg","thumbnail_width":900,"thumbnail_height":603,"description":"Comunicando Consultor\u00eda de Comunicaci\u00f3n estivo presente en Fitur 2026. Durante os tres d\u00edas que durou esta espectacular feira, a nosa axencia encargouse da comunicaci\u00f3n dos eventos relacionados cos territorios da Asociaci\u00f3n dos Grupos de Desenvolvemento Rural de Galicia e tam\u00e9n da relativa \u00e1 presentaci\u00f3n dos Entroidos do Oriente Ourens\u00e1n (Entroido de Manzaneda, Entroido de Viana [&hellip;]"}

Comunicando Consultoría de Comunicación estivo presente en Fitur 2026. Durante os tres días que durou esta espectacular feira, a nosa axencia encargouse da comunicación dos eventos relacionados cos territorios da Asociación dos Grupos de Desenvolvemento Rural de Galicia e tamén da relativa á presentación dos Entroidos do Oriente Ourensán (Entroido de Manzaneda, Entroido de Viana [&hellip;]
